-5
Let z(l) = 2*l**2 - 17*l - 1. Let o(d) = d**2 - 8*d. Let a(n) = 5*o(n) - 2*z(n). Calculate a(5).
-3
Let h(o) = -3*o**2 + 4*o - 6*o - o + 6*o**2. Calculate h(2).
6
Let g(k) = -k**3 + 11*k**2 + 3. Let t be g(11). Let m(l) = t*l + l + l + 6 - 3*l. Determine m(-4).
-2
Let p(j) = 7*j - 9. Let u = 15 - 14. Let b(i) = -i**2 - i + 1. Let y(d) = u*b(d) + p(d). Calculate y(6).
-8
Let c(n) = n**3 - 4*n**2 - 2*n + 6. Let q be (-28)/(-21)*6/2. Let a be c(q). Let z(p) = -4*p - 1. Give z(a).
7
Let v(t) = -t**3 + 6*t**2 + 6*t + 7. Let u be v(7). Let k(g) = -g**2 + 7. Give k(u).
7
Let l(v) = -v**2 - 5*v - 7. Let s(y) = y**2 - y - 1. Suppose 3*q = 9 - 0. Let u be s(q). Let g be (-1 + 1 - 1)*u. What is l(g)?
-7
Let w(x) = -12*x**2 - x - 7. Let i(u) = -u**2 - 1. Let y(l) = 6*i(l) - w(l). Determine y(-1).
6
Let j(s) = s**2 + 3*s - 5. Let v be j(-4). Suppose -3*h + 2 = -2*h. Let x(a) = 0 - 1 + h*a - 5*a**3 + 2*a - 5*a. Calculate x(v).
5
Let d(p) = -p - 3. Let f be d(-6). Let i(b) = 4*b + 2 - f*b - 6. Determine i(6).
2
Suppose 4*r - 3*r + 5*b - 22 = 0, 3*b - 4 = 4*r. Let p(j) = 0*j + 2*j**3 - 1 - 3*j**3 + 2*j. Calculate p(r).
-5
Let i(r) = -4*r**2 + r + 16. Let p(k) = -k**2 + 3. Let a(v) = -2*i(v) + 11*p(v). Determine a(-2).
-7
Let i(b) be the first derivative of -b**7/105 + 2*b**3 + 2. Let d(a) be the third derivative of i(a). Give d(-1).
8
Suppose -5*x - 15 = -5*b, 2*x - b + 3 = 6*x. Let f(o) be the second derivative of -o + 1/12*o**4 + x + 1/2*o**2 + 1/3*o**3. Calculate f(-4).
9
Suppose 2*a + 3*a - 10 = 0. Let w(j) = 0 - j**3 + 3*j - 7*j + 1 + 5*j**a. Let z(v) = -v**3 + 10*v**2 - 10*v + 13. Let f be z(9). Give w(f).
1
Let m(v) = -v**2 + 4*v + 5. Let l(j) = -2. Let s(f) = -4*l(f) - m(f). Let i = -3 + 1. Let y be i/((1 - 0)*-1). Give s(y).
-1
Suppose 3 = 5*v - 2*v. Let b(z) = -8*z**3 - 6*z**2 + z - 6. Let u(i) = -i**2 - 1. Let x(m) = v*b(m) - 6*u(m). Calculate x(-1).
7
Let t(n) be the first derivative of n**4/4 - 5*n**3/3 - n**2 + 7*n + 5. What is t(5)?
-3
Let x(z) = 4*z + 3. Let a(v) = 7*v + 7. Let i(k) = 3*a(k) - 7*x(k). Give i(1).
-7
Let b(q) = q**3 - 5*q**2 - q - 1. Suppose -4*f = -4*t - 32 - 20, -4*t + 56 = 2*f. Suppose d = -2*s + 9, -f = -4*d + 2*s - s. Give b(d).
-6
Suppose 7 = -2*u - 7. Let g(d) = 3 - 33*d**2 - 33*d**2 + 67*d**2 + 7*d. What is g(u)?
3
Let k(y) = -20*y - 21. Let t(p) = 7*p + 7. Let g(h) = 6*k(h) + 17*t(h). Give g(-5).
-2
Suppose 5*a - 9 = -4. Let i = a - -3. Suppose i*l + h + 0*h - 21 = 0, -3*h + 3 = -3*l. Let x(m) = -m**2 + 3*m - 3. Give x(l).
-7
Let j(d) be the first derivative of -d**5/120 - d**4/4 + 10*d**3/3 - 5. Let q(h) be the third derivative of j(h). Calculate q(-3).
-3
Let g(a) = a**2 - 3*a - 6. Let k = -3 + 8. Give g(k).
4
Let a be (-4)/2 - (-9 + 6). Let u(p) = p + 15*p**2 - 10*p**2 + p - p. What is u(a)?
6
Let b = -177 + 182. Let u(g) = -g**3 + 7*g**2 - 6*g + 4. What is u(b)?
24
Suppose 5*d - 25 = 5*k, 5*k + 7 = -3*d - 2. Let o(y) = -y**2 - 2*y. Determine o(k).
-3
Suppose 0 = -r + 4*k + 17, -4*k - 2 = 18. Let s = r - -4. Let p be (1 - s/2)*4. Let c(q) = -3*q**2 + 4*q - 2. Give c(p).
-6
Let o(f) = 2*f**2 + 12*f - 13. Let s(c) = -c**2 - 6*c + 7. Let w(n) = 6*o(n) + 11*s(n). Let p(a) be the first derivative of w(a). Calculate p(-6).
-6
Let q be (0 - 12)/((-3)/2). Let k(p) = q*p**2 - 14 - 5*p**3 + 9*p + 3*p**2 + 6*p**3. Let o be k(-10). Let s(d) = -d**3 - 3*d**2 + 3*d. Determine s(o).
4
Let l(a) = a**3 + 9*a**2 + 5*a - 5. Let y be l(-8). Suppose 2*c + 2 = -4*z, -3*c + 6*z = z - y. Let g(j) = -j - 1. Determine g(c).
-4
Let b(u) = -2*u + 2*u - 4*u + 1 - 5 + u**3 - 3*u**2. Let o(f) = f**2 - 6*f + 4. Let r be o(6). Give b(r).
-4
Let x(o) be the second derivative of -o**4/12 + 7*o**3/6 + 11*o**2/2 + 8*o. What is x(8)?
3
Let o(d) = 5*d + 0*d - 7*d. Give o(3).
-6
Let k(c) = -c**3 + 3*c**2 + 3*c + 8. Let y(s) = -s**3 + 2*s**2 + 2*s + 7. Let u(b) = -2*k(b) + 3*y(b). Calculate u(0).
5
Let u(q) = 6*q + 4. Let o(k) = 3*k + 2. Let f(y) = 5*o(y) - 3*u(y). What is f(-3)?
7
Let g(h) = h + 2. Suppose 0 = -3*d - 4 - 5. Let i(z) = 2*z**2 + 3*z - 4. Let t be i(d). Give g(t).
7
Suppose 0 = -5*l + 11 + 9. Let u(f) = -f**2 + 3*f - 5. Give u(l).
-9
Let k = 0 + 1. Let j be (8/6)/((-18)/(-81)). Let t(x) = -5*x + 6. Let w(c) = c - 1. Let s(h) = j*w(h) + k*t(h). Give s(2).
2
Let n(x) = -4*x - 1. Let f = 20 + -17. Calculate n(f).
-13
Suppose 4*x = -5*y + y + 4, -2*x - 10 = -4*y. Let m(d) = d**3 + 3 - 12*d**2 - 1 + 4*d + 16*d**y. Calculate m(-2).
2
Let m(f) = -f**2 - 3*f - 1. Let h(s) = s**2 + 5*s - 4. Let z(y) = -y - 16. Let x be z(-11). Let k be h(x). What is m(k)?
-5
Let d(l) = -4*l**2 + l + 3. Let j(k) = 11*k**2 - 3*k - 8. Let s(w) = 8*d(w) + 3*j(w). Calculate s(-2).
6
Let k be (-2)/11 - 424/88. Suppose 2*a - a - 5 = 0. Let t(q) = 5*q + 2 - 5*q - q**3 - a*q**2. Determine t(k).
2
Let t(r) = -r**3 + 6*r**2 - 2*r + 4. Let x be (-12)/30*(-25)/2. Give t(x).
19
Let n(p) = 14*p - 1. Let d(o) = 21*o - 1. Let w be ((-5)/4)/((-1)/4). Let u(l) = w*d(l) - 7*n(l). Calculate u(-2).
-12
Let k(n) be the second derivative of -n**6/360 + n**5/40 + n**4/8 + n**3/3 - n. Let m(j) be the second derivative of k(j). Let i be 3/4*(4 - 0). Determine m(i).
3
Let z(i) = -i**2 - 2*i - 3. Let k(p) = p**2 + 3*p + 5. Let d(c) = c**2 + 3*c + 5. Let f(m) = -6*d(m) + 5*k(m). Let y(w) = -4*f(w) + 7*z(w). Determine y(-2).
-9
Let s(l) be the first derivative of l**4/4 + 3*l**3 - 3*l**2/2 - 11*l + 2. Let j be s(-9). Suppose 4*q = -0*q - j. Let x(i) = i. Give x(q).
-4
Suppose -3*h - 14 = -4*v - 5*h, v - 16 = -3*h. Let t(p) = p**2 - 8*p + v + 3*p + 1 + 3. Calculate t(4).
1
Let k be (0/1)/(2/(-1)). Suppose 0 = -2*b + 9 - 3. Let p(q) = -q**3 - 2*q**b + 6*q**3 + 4 - 2*q**3. Determine p(k).
4
Let a(d) = -d**3 + 11*d**2 - 11*d + 1. Let u be a(10). Let b(v) = -v**3 - 10*v**2 - 11*v - 3. Determine b(u).
15
Let q(g) = -3*g**2 - 2*g**3 - 109*g + 112*g + 6*g**3 - 3. Give q(2).
23
Let d(g) = 3 - 9*g + g**3 + 3 + 4*g + 5*g**2. Give d(-6).
0
Suppose 61 = -3*k + 25. Let n be -2 + (-3 - -6*2). Let u = k + n. Let z(w) = 2*w + 3. Calculate z(u).
-7
Let x(r) = -11*r + 11 + 2*r**2 - 3*r**2 + 2*r**2. Let p be x(10). Let o(f) = -f**2 - 5*f + 4*f + 0*f**3 + 2 + 6*f**3 - 1. Determine o(p).
5
Let n(y) = -y**2 - 2*y + 2. Let o be 24/(-12) + 1*-7. Let c be (-3 - 3)*3/o. What is n(c)?
-6
Let j(o) = -o**3 - 7*o**2 - 5*o + 6. Suppose 4*t - 1 + 40 = -3*w, 0 = 5*t - 2*w + 20. Give j(t).
0
Let g be -4 + 2 + 18/2. Let i(o) = -o + 13. Give i(g).
6
Let a(u) = -u**3 - 4*u**2 - u - 4. Suppose h + 4*o = 5, 3*h - h = 5*o - 16. Determine a(h).
-10
Let p(l) = l**2 - 3 - 5*l - 2 + 2*l. Let n = -4 + 17. Suppose 3 = 4*f - n. Determine p(f).
-1
Let u(d) = d**3 + 5*d**2 - d + 3. Suppose 3*x - 2*x = 3, 4*m - 4 = 4*x. Suppose -5*r + m*v = 26, -6 = -2*r - r - 3*v. Let y be 5*1/2*r. Calculate u(y).
8
Let q(w) be the second derivative of w**3/6 + w. Calculate q(2).
2
Suppose 5*s - 26 = -6. Let k(q) = -q**2 + 2*q - 5. Calculate k(s).
-13
Let h be 6 - 5 - (-7 - 1). Let d be (h/6)/(6/8). Let v(j) = 0 - 3*j + 0*j + d. What is v(2)?
-4
Let z(x) = 6*x**2 - 3*x - 9. Let s(t) be the third derivative of -t**5/20 + t**4/24 + 2*t**3/3 - 2*t**2. Let d(i) = 7*s(i) + 3*z(i). Give d(1).
-4
Let q(m) be the first derivative of m**2 - 9*m - 1. Let o be q(7). Let f(z) = z**2 - 8*z + 6. What is f(o)?
-9
Let z(g) = -g + 2. Suppose 0 = 32*t - 37*t. Determine z(t).
2
Let i = 0 + 2. Let o be i/(-2) - 1/(-1). Let u(g) = -1 + o*g - 4*g + 4*g**2 - 5*g**2. Give u(-5).
-6
Let g(y) = -y - 11. Let k be g(0). Let z = -8 - k. Let w(l) = l**2 + z*l - 4*l - 5 + 2*l. What is w(0)?
-5
Let c(w) = -w. Let a = 29 - 22. Determine c(a).
-7
Let m = -114 + 120. Let t(p) = p**2 - 6*p. What is t(m)?
0
Let n(p) = -p**2 - 8*p - 5. Let z be n(-4). Let i = z - 8. Let g(y) = 4 - 2*y + i*y + y. Calculate g(-4).
-4
Let q(f) = f - 4. Let x be q(3). Let a(d) be the second derivative of -7*d**3/6 + 3*d. Give a(x).
7
Let r(i) = 2 + i + 6*i**2 - 4*i**2 - i**2 + 4*i**2 + i**3. Let z(d) = 6*d + 1. Let m = 4 + -5. Let s be z(m). Calculate r(s).
-3
Let a(s) be the third derivative of s**4/24 - 3*s**3/2 - s**2. Determine a(8).
-1
Let p(u) = -u**2. Let j(a) = -3*a**2 - 9*a + 4. Let w(r) = -j(r) + 2*p(r). Give w(-9).
-4
Suppose 34 = 2*z + 12. Let b(k) = k**3 - 10*k**2 - 12*k + 1. Calculate b(z).
-10
Let x